x + 96. What is the units digit of x?
2
Let a = -37 - -40. Let w be (-83)/((-26)/8 + a + 0). Suppose -4*i = -w - 496. What is the units digit of i?
7
Suppose 22 = -3*q - 71. Let p = 129 + q. Suppose 5*m = 2*u - 95 + 475, m + 4*u = p. What is the tens digit of m?
7
Suppose -18*o + 7*o - 33396 = 0. What is the thousands digit of 0 + (-1)/(-1) - o/2?
1
Let c be (4 + 4)/((-5)/((-500)/8)). Let k = 224 - c. What is the hundreds digit of k?
1
Suppose 0 = -3*g + 7*g - 16. Suppose t = 2*l + 5, -5*l + 3*l - g = -2*t. What is the tens digit of (51/2)/(t/2*-1)?
5
Suppose -232 + 32 = 4*c. Let y = -42 - c. Suppose 0 = 4*g - 0*g - y. What is the units digit of g?
2
Suppose 133 - 28 = 21*c. Suppose -c*m + 14*o - 16*o = -5476, -2*o = m - 1092. What is the units digit of m?
6
Let z = 32561 - -6518. What is the hundreds digit of z?
0
Let q(g) = 92*g - 214. Suppose -5*t + 2*s + 60 = 0, -5*t + 2*s + 24 = -3*t. What is the hundreds digit of q(t)?
8
Let v(t) = -49*t - 169. Let l(n) = -2*n - 3. Let b(z) = 6*l(z) + v(z). What is the units digit of b(-14)?
7
Suppose -3*c = 2*r - 15216, 0 = 24*r - 22*r + 4*c - 15218. Suppose -4255 = -10*m + r. What is the hundreds digit of m?
1
Let n(h) = -6*h**3 + 4*h**2 + 20*h + 174. What is the hundreds digit of n(-12)?
8
What is the tens digit of ((-8)/20)/(548041/(-6849700) + 4/50)?
5
Suppose 0 = -7*b + 197740 + 145610. What is the units digit of b?
0
Let m(v) = -4*v**3 - 3*v**2 + 7*v - 5. Let p be m(2). What is the units digit of 2/(-3)*(-51)/(-34)*p?
5
Suppose -33*p = -35*p + 6. Let l be 16/6*(-774)/8. What is the units digit of 8 - 4 - l/p?
0
Suppose 4*t - 3 = 5*q, 8 = -28*q + 26*q + 5*t. What is the thousands digit of 35397/21 + q - (-24)/(-42)?
1
Suppose 5*j + 2*o - 35988 = 0, j + o - 113 = 7087. What is the units digit of j?
6
Let h(f) = 431*f + 16. Let m be ((-4)/(-6))/(26/39). What is the tens digit of h(m)?
4
What is the thousands digit of (-92838)/(-8) - ((-225)/(-12))/(-15)?
1
Let n be ((-8740)/60)/((-2)/6). Suppose 0 = 5*k - 383 - n. What is the tens digit of k?
6
Let k = -7194 - -14562. What is the units digit of k?
8
Suppose 14*r = -b + 13*r + 1588, 0 = -5*b - 3*r + 7944. Suppose 0 = -c, -5*a = -c - b - 1400. What is the tens digit of a?
9
Suppose 19044712 = 911*t - 18634569 + 10642623. What is the ten thousands digit of t?
2
Let l(t) = -86*t - 77. Let j = -318 + 310. What is the units digit of l(j)?
1
Let u(g) = -62*g - 23. Suppose t = -5*q, 0 = t + 5*q - q - 3. Suppose t*f - 39 = -114. What is the tens digit of u(f)?
8
Let h(y) = 15*y**2 - 5*y + 8. Let s = 77 - 83. Let l be h(s). Suppose 2*o = -m - 2*o + 198, -4*o = 3*m - l. What is the units digit of m?
0
Let x(h) = 6*h**3 - 3*h**2 + 3*h - 2. Let o(v) = 2*v**2 + v - 1. Suppose 3*u + u = 4. Let a be o(u). What is the units digit of x(a)?
0
Suppose 0 = 4*s - 8. Suppose 2*q - s*t = 2944, q = t + 2*t + 1480. Suppose v = 4, 3*v - q = -5*y - 456. What is the tens digit of y?
0
Let y(l) = -149*l - 68. Let c be y(-4). Let r = -498 + c. What is the units digit of r?
0
Let y(l) = l**3 - 14*l**2 - 3*l + 48. Let m be y(14). Let w = 169 + m. What is the tens digit of w?
7
Let l = 36 + 10. Let f = -92 - -99. What is the tens digit of (4 - f)/((-6)/l)?
2
Suppose -146 = -2*v - 126. Suppose -v*m = -16*m + 1914. What is the hundreds digit of m?
3
Let r(m) = -m**3 - 13*m**2 - 12*m + 8. Let h = 33 + -45. Let n be r(h). What is the tens digit of (94/n)/((-285)/(-40) + -7)?
9
Suppose -9*n + 468 = -6*n - 3*z, 2*z = 4*n - 630. What is the tens digit of n?
5
Suppose -a - 1 = 5*y - 3, 2*a - 3*y = 4. What is the hundreds digit of 55*-6*a*(-17)/20?
5
Let n(a) = a**3 + 10*a**2 + 3*a + 25. Let w be n(-10). What is the thousands digit of (-7072)/w + (-14)/35?
1
Suppose -4*d + 72 = 56. Suppose 4*q - c - 176 = c, -172 = -d*q + 3*c. What is the units digit of q?
6
Suppose 18*y - 85 = y. Suppose y*t = 3*d + 86 + 1776, 0 = -2*t + 5*d + 760. What is the hundreds digit of t?
3
Let y(t) = 18*t**2 - 386 + 189 + 194 + 3*t - t**3. What is the tens digit of y(10)?
2
Let z be 2/(-8)*4 + (167 - -2). Suppose -5*o - 4*n = -z, -2*o = 2*o - 5*n - 118. What is the tens digit of o?
3
Let m(i) = 4 - 19*i + 19*i + 4*i**2 - 3 + 4*i. What is the hundreds digit of m(7)?
2
Let w(u) = -11*u**3 + 5*u**2 - 4*u + 4. Let p be w(3). Let j = p - -367. Let m = -16 + j. What is the units digit of m?
1
What is the tens digit of ((-33744)/1216)/(6/(-1112))?
4
Let i(g) = g**3 + 35*g - 31*g**2 + 101*g**2 - 19*g**2 - 25 - 6*g**2 - 23*g**2. What is the units digit of i(-19)?
3
Let k = 2029 - -5545. What is the tens digit of k?
7
Let h be (-3)/(-27) - 1508/(-36). Suppose -3*s = 3*u - 4*s - 21, -5*u + 4*s = -h. Let y(q) = -q**3 + 6*q**2 + 5*q - 3. What is the units digit of y(u)?
7
Suppose f = -4*u - 109, 4*f + 3*u + 132 = -343. Let z be (25/15)/(1/(-222)). Let s = f - z. What is the hundreds digit of s?
2
Suppose 2*v - 3 + 1 = 5*h, -5*v + 24 = -3*h. Suppose v = 4*n - 6. Suppose 2*j - n = 7. What is the units digit of j?
5
Suppose 5*c + 3*z = 9763, 3*c + 2*z - 5857 = -0*z. What is the hundreds digit of c?
9
Let d be 3*(1 - -1 - 1). Let v(m) = -m**3 - 4*m**2 + 27*m - 36. Let p be v(-8). Suppose 3*a + 2*a - 63 = -d*s, 66 = 3*s + p*a. What is the tens digit of s?
2
Let v be ((-3 + 9)/(-6))/(-1). What is the tens digit of (-87 - v)/((-38)/456)?
5
Let t(b) = b**2 + 3*b - 103. Let n be t(-12). Let y = n + 85. What is the tens digit of y?
9
Let b(o) = -4*o**3 - 31*o**2 + 10*o - 3. Suppose -40*d + 233 - 593 = 0. What is the units digit of b(d)?
2
Let s(j) = 5*j**3 - 7*j**2 - 10*j - 5. Let z be s(8). Suppose -3*a = t - 1604, -5*a - t + 643 + z = 0. Suppose 5*y - a = -13. What is the tens digit of y?
0
Let g = -19 - -22. Suppose -5*s = -3*y + 825 + 192, 1345 = 4*y - g*s. Let b = y - 184. What is the tens digit of b?
5
Suppose -y = 34*y - 371455. What is the units digit of y?
3
Let d(n) = 923*n**2 + 23*n + 1. What is the thousands digit of d(3)?
8
Let v = -1240 + 29741. What is the hundreds digit of v?
5
What is the tens digit of (-159)/106 - 305940/(-8)?
4
Let m(d) = -2*d**2 + 10*d + 23. Let i be m(4). Suppose 0 = 8*o - 3215 + i. What is the hundreds digit of o?
3
Suppose 220937 - 14483 = 38*k. What is the hundreds digit of k?
4
What is the tens digit of ((-958)/(-10))/(171/60705)?
0
Suppose -2*t + 3*w + 72704 = 18466, -2*t - 4*w = -54182. What is the units digit of t?
7
Suppose 8*s = 5*s + 4176. Suppose s = 113*p - 109*p. What is the units digit of p?
8
Let k = 36 - 36. Let q be -1*(k + 5 + -3) - -104. What is the units digit of q - (1 + -3)/(-4)*6?
9
What is the tens digit of 10 + (-147 + 8)*750/(-3)?
6
Let k = -6191 - -9717. What is the tens digit of k?
2
Suppose 0 = 28*j + 269307 - 336674 - 1851165. What is the thousands digit of j?
8
Suppose 4*v + 998*o = 994*o + 32312, 2*v - 16132 = 2*o. What is the tens digit of v?
7
Suppose 10*h - 720 = -6*h. Let r(p) = 16*p + 161. What is the units digit of r(h)?
1
Let x = -7 - -7. Suppose x = -2*a - 10, 3*a - a - 322 = -4*v. Let c = -23 + v. What is the tens digit of c?
6
What is the hundreds digit of (2 + (-48095)/25)*(-2 + -8)?
2
Suppose -132856 + 720672 = 8*f. What is the hundreds digit of f?
4
Let k = -12540 - -22846. What is the ten thousands digit of k?
1
Let a(v) = v**3 + 45*v**2 - 188*v + 162. What is the tens digit of a(-48)?
7
Let g(u) = 72*u - 1103. What is the units digit of g(36)?
9
What is the hundreds digit of ((-51)/68)/((-4)/(-16))*-227?
6
Suppose 0 = 7*w + 558 + 72. Let d = 106 - w. What is the tens digit of d?
9
Let s(o) = 2*o**2 + 9*o + 6. Let q be s(-4). What is the thousands digit of -16 + 13 - (-1353 - (-2 + q))?
1
Suppose p - 557 = 3560. What is the thousands digit of p?
4
Suppose -9*v + 27608 = 5*v. Suppose 4*d - v = -700. Let r = d - 211. What is the tens digit of r?
0
Let h = 233 - 239. What is the units digit of (-3609)/(-6) + h/4?
0
Let i = 2489 - 186. Suppose 3*d + 4*q = i, 20 + 0 = 4*q. What is the tens digit of d?
6
Suppose 25*z + 17510 = 27*z - n, -5*z - 3*n = -43742. What is the thousands digit of z?
8
Suppose -5*d = -h - 5762 - 229, 3*d = 3*h + 3585. Let v = 187 + d. What is the units digit of v?
6
Suppose -24*v = -4*v + 16680. Let d = v - -897. What is the units digit of d?
3
Suppose 0 = -6*n - 12 - 72. Let t = 5 + n. Let o = t - -17. What is the units digit of o?